ivide 404033972?
False
Does 284 divide 5076784?
True
Is 50933411 even?
False
Is 1139 a factor of 274565062?
True
Does 1384 divide 125560632?
True
Is 65352288 a multiple of 137?
True
Is 305144604 a multiple of 12?
True
Is 5 a factor of 13512897?
False
Is 894322571 a multiple of 8179?
False
Is 32814038 a multiple of 25?
False
Is 447 a factor of 2553428718?
False
Is 1315 a factor of 561458975?
True
Is 339045035 a multiple of 7?
True
Does 780 divide 12426683?
False
Is 7691183 even?
False
Is 250 a factor of 20868415?
False
Does 3613 divide 243178157?
False
Does 27 divide 579522950?
False
Is 42913644 a multiple of 4?
True
Does 35 divide 123899?
False
Does 7 divide 1565641?
True
Does 3435 divide 50858610?
True
Is 1016878068 a multiple of 514?
True
Is 1062020298 a multiple of 787?
True
Is 737039109 a multiple of 612?
False
Is 54 a factor of 1047491273?
False
Does 41 divide 25048212?
True
Does 710 divide 326068920?
True
Is 145 a factor of 39945905?
True
Is 12423518 a multiple of 449?
False
Is 8386615 a multiple of 199?
False
Is 40 a factor of 34928720?
True
Is 15 a factor of 787636?
False
Is 11 a factor of 1468014?
False
Is 164 a factor of 1246618?
False
Is 280279093 a multiple of 3?
False
Is 21978000 a multiple of 432?
True
Is 11 a factor of 59379333?
False
Is 2441 a factor of 423591767?
False
Is 604 a factor of 28181432?
True
Is 1754 a factor of 2234487252?
True
Is 11238259 a multiple of 152?
False
Does 1208 divide 1170910?
False
Does 29 divide 2883289359?
True
Is 101504772 a multiple of 1269?
True
Does 12 divide 281485512?
True
Does 79 divide 203863157?
False
Is 604 a factor of 48630456?
True
Is 203 a factor of 11857230?
True
Does 3 divide 382126662?
True
Is 13 a factor of 54730830?
False
Is 1681900638 a multiple of 1194?
True
Does 551 divide 22264257?
True
Is 21 a factor of 229197372?
False
Is 4797922 a multiple of 49?
False
Is 66 a factor of 5625426444?
True
Does 21 divide 102681999?
True
Is 58 a factor of 104036050?
True
Is 30941911 a multiple of 192?
False
Is 237 a factor of 11716121?
False
Is 16 a factor of 20969278?
False
Does 13 divide 499403063?
False
Does 10 divide 1235300?
True
Is 14 a factor of 92973959?
False
Does 2474 divide 137712736?
True
Does 19 divide 26875310?
True
Does 35 divide 544685925?
True
Is 19 a factor of 47704839?
True
Is 40820861 a multiple of 1013?
True
Is 315 a factor of 152661763?
False
Is 2540592960 a multiple of 960?
True
Is 451500 a multiple of 7?
True
Does 99 divide 364817?
False
Does 239 divide 1113999?
False
Is 8 a factor of 12787608?
True
Is 8 a factor of 37087600?
True
Does 147 divide 2036097?
True
Is 59013317 a multiple of 11?
True
Is 73 a factor of 3300326?
False
Does 3 divide 6764817?
True
Is 23 a factor of 69566329?
True
Is 8502043 a multiple of 230?
False
Does 35 divide 1507896918?
False
Does 15 divide 848443544?
False
Is 583 a factor of 53129373?
True
Is 9 a factor of 329806539?
True
Is 281 a factor of 49797061?
False
Is 277240410 a multiple of 10?
True
Does 15 divide 316570635?
True
Is 161055265 a multiple of 11?
False
Is 13 a factor of 113962785?
False
Is 441734700 a multiple of 645?
True
Does 5 divide 861176191?
False
Is 15721550 a multiple of 4?
False
Is 5691446360 a multiple of 20?
True
Does 23 divide 699430805?
True
Does 24 divide 566248151?
False
Does 1410 divide 51105450?
True
Is 213473526 a multiple of 7?
True
Is 5674 a factor of 190544433?
False
Is 860 a factor of 239007760?
True
Does 17 divide 1431429988?
True
Is 8 a factor of 127278240?
True
Is 479067008 a multiple of 1648?
True
Is 1169 a factor of 1767697505?
True
Does 37 divide 25391139?
True
Is 137128311 a multiple of 963?
True
Is 43094825 a multiple of 271?
False
Is 12 a factor of 18786480?
True
Is 3236 a factor of 109862200?
True
Is 458 a factor of 20685112?
True
Is 1809 a factor of 30623421?
False
Is 512 a factor of 890806784?
True
Does 63 divide 1037860299?
True
Is 354627695 a multiple of 1536?
False
Is 64 a factor of 19764224?
True
Is 61 a factor of 6975113?
False
Is 144 a factor of 48730608?
True
Is 18 a factor of 681743315?
False
Is 52549746 a multiple of 141?
False
Is 251751392 a multiple of 196?
False
Is 6 a factor of 70478384?
False
Is 38 a factor of 13978186?
True
Does 10 divide 35620620?
True
Does 121 divide 418400092?
True
Is 86130384 a multiple of 24?
True
Is 51140944 a multiple of 2056?
True
Is 23 a factor of 6710365?
True
Is 9869746 a multiple of 71?
False
Is 1044490803 a multiple of 802?
False
Is 31 a factor of 70448976?
False
Does 2835 divide 174782615?
False
Is 230115366 a multiple of 51?
True
Is 32203480 a multiple of 10?
True
Is 222513130 a multiple of 35?
True
Is 173 a factor of 123994463?
True
Is 16 a factor of 342692112?
True
Does 2705 divide 528201927?
False
Is 1427 a factor of 38490471?
True
Is 54 a factor of 65247192?
False
Is 185703201 a multiple of 9?
True
Is 14 a factor of 7987392?
True
Is 4 a factor of 46769359?
False
Does 838 divide 2560868502?
True
Is 121 a factor of 370300656?
True
Is 61 a factor of 107468698?
False
Does 178 divide 22159220?
True
Is 1126 a factor of 22639356?
True
Does 194 divide 143896784?
True
Is 2941875 a multiple of 61?
False
Is 551 a factor of 36714432?
False
Is 5 a factor of 125781515?
True
Does 42 divide 49390404?
True
Is 25 a factor of 1084300?
True
Does 2 divide 17139433?
False
Is 12874392 a multiple of 1956?
True
Does 183 divide 425449014?
True
Is 79122232 a multiple of 9?
False
Is 123579736 a multiple of 495?
False
Does 1675 divide 690223102?
False
Does 144 divide 601631568?
True
Is 15 a factor of 277095?
True
Is 77354638 a multiple of 3?
False
Does 345 divide 944724540?
True
Does 3 divide 126377442?
True
Does 74 divide 471594282?
False
Is 3929100224 a multiple of 1179?
False
Does 1130 divide 146877184?
False
Is 331938713 a multiple of 90?
False
Is 124152135 a multiple of 1195?
True
Does 12 divide 76325838?
False
Does 1094 divide 1084297314?
True
Is 20652210 a multiple of 2121?
False
Does 89 divide 41816027?
True
Does 41 divide 176848826?
True
Is 61210157 a multiple of 8?
False
Does 162 divide 3492853?
False
Is 20 a factor of 34534181?
False
Does 126 divide 115453044?
True
Does 113 divide 18176010?
False
Is 48790536 a multiple of 12?
True
Is 33372528 a multiple of 1029?
True
Is 857225410 a multiple of 210?
False
Does 71 divide 97967768?
False
Does 14 divide 36117466?
True
Does 158 divide 11888710?
True
Does 546 divide 4486812?
False
Is 109 a factor of 3246280417?
False
Is 5 a factor of 28077919?
False
Is 373534964 a multiple of 22?
True
Does 47 divide 86114910?
False
Is 64 a factor of 49480160?
False
Does 24 divide 24088440?
True
Does 59 divide 62343118?
False
Does 191 divide 42184069?
True
Does 45 divide 1602089370?
True
Is 4 a factor of 1958395?
False
Is 8 a factor of 494180704?
True
Is 36889716 a multiple of 2603?
True
Is 31 a factor of 3123645009?
False
Is 1525419775 a multiple of 85?
True
Is 17 a factor of 8551642?
False
Does 155 divide 557646654?
False
Does 10 divide 142701456?
False
Is 81043424 a multiple of 496?
True
Is 275 a factor of 28817781?
False
Is 72606348 a multiple of 1236?
True
Does 210 divide 1227029085?
False
Does 75 divide 42213525?
True
Is 40097630 a multiple of 4345?
False
Is 40 a factor of 5718200?
True
Is 1387 a factor of 184378071?
True
Is 14382 a factor of 478329938?
False
Is 60 a factor of 17528743?
False
Is 164591262 a multiple of 19?
True
Is 65403727 a multiple of 53?
False
Is 8 a factor of 127129184?
True
Does 89 divide 1355804972?
False
Is 375488400 a multiple of 194?
False
Is 335076984 a multiple of 36?
True
Does 10 divide 14458347?
False
Is 115474990 a multiple of 48?
False
Is 1582844533 a multiple of 331?
False
Does 154 divide 8197489?
False
Is 177 a factor of 82746615?
True
Is 142232337 a multiple of 159?
True
Is 345 a factor of 56650035?
True
Is 33 a factor of 2471117218?
False
Is 1469145 a multiple of 4?
False
Is 156026800 a multiple of 40?
True
Is 239 a factor of 109996882?
True
Does 746 divide 89142524?
True
Is 876 a factor of 373175124?
True
Is 4 a factor of 76460968?
True
Is 145911596 a multiple of 66?
False
Does 734 divide 798721184?
True
Is 442582128 a multiple of 678?
True
Is 702690237 a multiple of 532?
False
Does 6 divide 2097192?
True
Is 63276015 a multiple of 55?
True
Is 7 a factor of 259176140?
False
Does 3816 divide 26954954